{"id":3,"date":"2021-05-24T10:30:38","date_gmt":"2021-05-24T10:30:38","guid":{"rendered":"https:\/\/events.ulbsibiu.ro\/cros\/?page_id=3"},"modified":"2024-04-09T11:57:49","modified_gmt":"2024-04-09T08:57:49","slug":"privacy-policy","status":"publish","type":"page","link":"https:\/\/events.ulbsibiu.ro\/cros\/privacy-policy\/","title":{"rendered":"Politica de confiden\u021bialitate"},"content":{"rendered":"\n<h2 class=\"wp-block-heading\">Contact<\/h2>\n\n\n\n<p><strong>Universitatea \u201eLucian Blaga\u201d din Sibiu<br><\/strong>Domeniu de activitate: Educa\u021bie\/cercetare<br>CUI  4480173<br>Adresa: Bd-ul Victoriei nr.10, Sibiu, 550024, Rom\u00e2nia<br>Telefon: +40-(269) 21.22.45<br>Fax: +40-(269) 21.22.45<br>Web:&nbsp;<a href=\"https:\/\/www.ulbsibiu.ro\/ro\/\">https:\/\/www.ulbsibiu.ro\/ro\/<\/a><br>E-mail: rectorat@ulbsibiu.ro<br>Suport tehnic: support@ulbsibiu.ro<\/p>\n\n\n\n<p><strong>Informatii utile<\/strong><\/p>\n\n\n\n<p>Conform cerin\u021belor Legii nr. 677\/2001 pentru protec\u021bia persoanelor cu privire la prelucrarea datelor cu caracter personal \u0219i libera circula\u021bie a acestor date, modificat\u0103 \u0219i completat\u0103, \u0219i ale Legii nr. 506\/2004 privind prelucrarea datelor cu caracter personal \u0219i protec\u021bia vie\u021bii private \u00een sectorul comunica\u021biilor electronice, Universitatea \u201eLucian Blaga\u201d din Sibiu are obliga\u021bia de a administra \u00een condi\u021bii de siguran\u021b\u0103 \u0219i numai pentru scopul specificat datele personale pe care ni le furniza\u021bi despre dumneavoastr\u0103. In conformitate cu prevederile Regulamentului (UE) 2016\/679, beneficiate de urm\u0103toarele drepturi: dreptul de acces, de interven\u021bie asupra datelor, dreptul de a nu fi supus unei decizii individuale, dreptul de a va adresa justi\u021biei, dreptul la portabilitatea datelor, dreptul la restric\u021bionarea prelucr\u0103rii. Pentru exercitarea acestor drepturi, v\u0103 pute\u021bi adresa cu o cerere scris\u0103, datat\u0103 \u0219i semnat\u0103, conducerii Universit\u0103\u021bii.<\/p>\n\n\n\n<p>Universitatea&nbsp;\u201eLucian Blaga\u201d din Sibiu&nbsp;este \u00eenscris\u0103 la A.N.S.P.D.C.P. \u00een registrul de eviden\u021b\u0103 a prelucr\u0103rilor de date cu caracter personal sub&nbsp;<strong>nr. 11827<\/strong>.<\/p>\n\n\n\n<p><a href=\"http:\/\/dataprotection.ro\/?page=Regulamentul_nr_679_2016\">Noul Regulament General de Protec\u021bia Datelor nr.679\/2016<\/a><\/p>\n\n\n\n<p><strong>Date personale despre tranzac\u021bii online<br><\/strong>Tranzac\u021biile online sunt protejate de certificarea SSL a acestui site si de securizarea informa\u021biilor prin metode tehnologice, pe serverele ter\u021bilor, ce \u00eendeplinesc condi\u021biile legale de securitate. Universitatea \u201eLucian Blaga\u201d din Sibiu nu va publica niciodat\u0103 datele dumneavoastr\u0103 referitoare la tranzac\u021biile online. <\/p>\n\n\n\n<p>Procesul de tranzac\u021bie online se realizeaz\u0103 cu ajutorul procesatorului de pl\u0103\u021bi NETOPIA MOBILPAY. Tranzac\u021biile sunt protejate prin encriptare cu 128 bi\u021bi \u0219i sunt analizate\/stocate pe serverele MobilPay. Universitatea \u201eLucian Blaga\u201d din Sibiu are acces la aceste date prin intermediul acestui site dar nu poate vizualiza date confiden\u021biale cum ar fi num\u0103rul cardului, data de expirare sau codul ccv. Datele personale din formularul de inscriere includ NUME, PRENUME, SEX, CATEGORIE, ADRESA EMAIL, TELEFON, DATA NASTERII, ORGANIZATIA AFILIATA.<\/p>\n\n\n\n<p><strong>Date personale integrate cu instrumente analitice \u0219i de comunicare<br><\/strong>Universitatea \u201eLucian Blaga\u201d din Sibiu nu folose\u0219te pentru acest site instrumente tehnice de analizare a performantelor \u0219i comportamentului utilizatorilor.<\/p>\n\n\n\n<p><strong>Cookie-uri<br><\/strong>Vom folosi un cookie temporar pentru a determina dac\u0103 browserul t\u0103u accepta cookie-uri. Acest cookie nu con\u021bine date personale si este eliminat c\u00e2nd \u00eenchizi navigatorul. Mai utilizam un cookie pentru stocarea limbii site-ului.<br>C\u00e2nd completati formularul de inscriere inglobat de pe platforma 42km.ro  se va stoca un cookie de sesiune esential si un cookie pentru stocarea limbii formularului.<\/p>\n\n\n\n<p><strong>Con\u021binut \u00eenglobat de pe alte situri web<br><\/strong>Paginile din acest site nu includ con\u021binut din alte site-uri, cu exceptia formularului de inscriere si a listei de participanti (de pe site-ul 42km.ro).<\/p>\n\n\n\n<p><strong>Cu cine partaj\u0103m datele dvs.<br><\/strong>Datele personale introduse pe acest site sunt partajate cu platforma 42km.ro. Procesatorul de plati stocheaza emailul, ip-ul, numele si prenumele persoanei care realizeaza plata.<\/p>\n\n\n\n<p><strong>C\u00e2t timp v\u0103 p\u0103stram datele<br><\/strong>\u00cenregistr\u0103rile privind cump\u0103r\u0103turile clien\u021bilor sunt stocate pe o perioada nelimitat\u0103.<\/p>\n\n\n\n<p><strong>Ce drepturi ave\u021bi asupra datelor dvs.<br><\/strong><a href=\"https:\/\/www.ulbsibiu.ro\/wp-content\/uploads\/documents\/generale\/Nota%20de%20informare-v2.pdf\">Nota de informare referitoare la drepturile persoanelor vizate<\/a><\/p>\n\n\n\n<p><strong>Informa\u021biile de contact<br><\/strong>\u00cen cazul \u00een care dori\u021bi sa ne contacta\u021bi, datele de contact le reg\u0103si\u021bi in sec\u021biunea&nbsp;<strong>CONTACT<\/strong>.<\/p>\n","protected":false},"excerpt":{"rendered":"<p>Contact Universitatea \u201eLucian Blaga\u201d din SibiuDomeniu de activitate: Educa\u021bie\/cercetareCUI 4480173Adresa: Bd-ul Victoriei nr.10, Sibiu, 550024, Rom\u00e2niaTelefon: +40-(269) 21.22.45Fax: +40-(269) 21.22.45Web:&nbsp;https:\/\/www.ulbsibiu.ro\/ro\/E-mail: rectorat@ulbsibiu.roSuport tehnic: support@ulbsibiu.ro Informatii utile Conform cerin\u021belor Legii nr. 677\/2001 pentru protec\u021bia persoanelor cu privire la prelucrarea datelor cu caracter personal \u0219i libera circula\u021bie a acestor date, modificat\u0103 \u0219i completat\u0103, \u0219i ale Legii nr. 506\/2004 [&hellip;]<\/p>\n","protected":false},"author":1,"featured_media":0,"parent":0,"menu_order":0,"comment_status":"closed","ping_status":"open","template":"","meta":{"_eb_attr":"","footnotes":""},"_links":{"self":[{"href":"https:\/\/events.ulbsibiu.ro\/cros\/wp-json\/wp\/v2\/pages\/3"}],"collection":[{"href":"https:\/\/events.ulbsibiu.ro\/cros\/wp-json\/wp\/v2\/pages"}],"about":[{"href":"https:\/\/events.ulbsibiu.ro\/cros\/wp-json\/wp\/v2\/types\/page"}],"author":[{"embeddable":true,"href":"https:\/\/events.ulbsibiu.ro\/cros\/wp-json\/wp\/v2\/users\/1"}],"replies":[{"embeddable":true,"href":"https:\/\/events.ulbsibiu.ro\/cros\/wp-json\/wp\/v2\/comments?post=3"}],"version-history":[{"count":13,"href":"https:\/\/events.ulbsibiu.ro\/cros\/wp-json\/wp\/v2\/pages\/3\/revisions"}],"predecessor-version":[{"id":1072,"href":"https:\/\/events.ulbsibiu.ro\/cros\/wp-json\/wp\/v2\/pages\/3\/revisions\/1072"}],"wp:attachment":[{"href":"https:\/\/events.ulbsibiu.ro\/cros\/wp-json\/wp\/v2\/media?parent=3"}],"curies":[{"name":"wp","href":"https:\/\/api.w.org\/{rel}","templated":true}]}}