{"id":8,"date":"2024-01-16T07:17:17","date_gmt":"2024-01-16T07:17:17","guid":{"rendered":"https:\/\/events.ulbsibiu.ro\/cupadeschi\/?page_id=2"},"modified":"2026-02-28T09:16:52","modified_gmt":"2026-02-28T09:16:52","slug":"regulament","status":"publish","type":"page","link":"https:\/\/events.ulbsibiu.ro\/cupadeschi\/regulament\/","title":{"rendered":"Regulamentul Concursului"},"content":{"rendered":"\n<h3 class=\"wp-block-heading has-text-align-center\"><strong>CUPA UNIVERSIT\u0102\u0162II \u201cLUCIAN BLAGA\u201d DIN SIBIU LA SCHI \u0218I SNOWBOARD<\/strong> <br><strong>EDI\u021aIA a XII-a, 7 martie 2026<\/strong><\/h3>\n\n\n\n<p><strong><em>1. ORGANIZATOR<\/em><\/strong><\/p>\n\n\n\n<p>UNIVERSITATEA &#8220;LUCIAN BLAGA&#8221; din SIBIU, prin speciali\u0219tii Facult\u0103\u021bii de \u0218tiin\u021be \u00een colaborare cu asocia\u021bia ALUMNI ULBS a Facult\u0103\u021bii de \u0218tiin\u021be Economice.<\/p>\n\n\n\n<p><strong><em>2. SCOPUL<\/em><\/strong><\/p>\n\n\n\n<p>Scopul concursului este de a promova practicarea sporturilor de iarn\u0103 \u00een r\u00e2ndul studen\u021bilor, absolven\u021bilor \u0219i profesorilor Universit\u0103\u021bii &#8220;Lucian Blaga\u201d din Sibiu, a altor institu\u021bii invitate \u0219i de a facilita cooperarea dintre ace\u0219tia pentru a crea o comunitate academic\u0103 mai puternic\u0103.&nbsp;<\/p>\n\n\n\n<p><strong><em>3. DATA \u0218I LOCUL DE DESF\u0102\u0218URARE<\/em><\/strong><\/p>\n\n\n\n<p>7 MARTIE 2026, P\u0102LTINI\u015e ARENA<\/p>\n\n\n\n<p><strong><em>4. CONDI\u0162II DE DESFASURARE<\/em><\/strong><\/p>\n\n\n\n<p>Se va desf\u0103\u0219ura un <strong>concurs de schi<\/strong>, <strong>slalom uria\u0219 \u00eentr-o singura man\u0219\u0103 sau slalom \u00een dou\u0103 man\u0219e (\u00een func\u021bie de condi\u021biile de z\u0103pad\u0103) \u0219i snowboard \u00eentr-o singur\u0103 man\u0219\u0103<\/strong>. (dac\u0103 juriul&nbsp; hot\u0103r\u0103\u0219te desf\u0103\u0219urarea man\u0219ei a doua, se va anun\u021ba \u00eenainte de \u00eenceperea concursului). Juriul probei este format din directorul de concurs, responsabilul de prob\u0103 \u0219i responsabilul p\u00e2rtiei. <strong><em>Arbitrajul va fi asigurat de c\u0103tre absolven\u021bii, studen\u021bii \u0219i profesorii de educa\u021bie fizic\u0103 din cadrul Facult\u0103\u021bii de \u0218tiin\u021be.<\/em><\/strong>&nbsp;<strong><em>Cronometrajul&nbsp;<\/em><\/strong>va fi asigurat cu aparatur\u0103 electronic\u0103.<\/p>\n\n\n\n<p><strong><em>5. CONCUREN\u0162II<\/em><\/strong><\/p>\n\n\n\n<p>&nbsp;La concurs se pot \u00eenscrie&nbsp; <strong>studen\u021bii,<\/strong>&nbsp; <strong>absolven\u021bii \u0219i cadrele didactice<\/strong> ale <strong>Universit\u0103\u021bii \u201cLucian Blaga\u201d din Sibiu precum \u0219i cei ai institu\u021biilor invitate: Academia For\u021belor Terestre \u201cNicolae B\u0103lcescu\u201d din Sibiu, Visma, Continental Sibiu \u0219i Asocia\u021bia Sibiu IT<\/strong>.<\/p>\n\n\n\n<p>Concuren\u021bii vor fi \u00eemp\u0103r\u021bi\u021bi \u00een&nbsp;6 grupe la schi \u0219i 2 grupe la snowboard, astfel:<\/p>\n\n\n\n<p>&nbsp;<span style=\"text-decoration: underline;\"><strong><em>schi:<\/em><\/strong><\/span> grupa<strong> 1 \u2013 profesoare, <\/strong>grupa<strong> 2<\/strong> <strong><strong>\u2013<\/strong>&nbsp;profesori<\/strong>, grupa<strong> 3<\/strong> <strong><strong>\u2013<\/strong> absolvente,<\/strong> grupa<strong> 4 <strong>\u2013<\/strong> absolven\u021bi<\/strong>, grupa<strong> 5 <strong>\u2013<\/strong>&nbsp; studente,<\/strong> grupa<strong> 6 <strong>\u2013<\/strong> &nbsp;studen\u021bi<em>; <\/em><\/strong><\/p>\n\n\n\n<p><strong><em><u>snowbord:<\/u><\/em><\/strong> grupa<strong> 7 \u2013 profesoare, absolvente \u015fi studente<\/strong> \u015fi grupa<strong> 8 &#8211; , profesori absolven\u021bi \u0219i<\/strong> <strong>studen\u021bi.<\/strong><\/p>\n\n\n\n<p><strong>Participarea este permis\u0103 doar la una dintre grupele pentru schi (\u00een cazul \u00een care se suprapune statutul \u00een dou\u0103 sau trei categorii: student, absolvent sau cadru didactic) este permis\u0103 \u00eenscrierea la dou\u0103 probe: schi \u0219i snowboard<\/strong>.&nbsp;<\/p>\n\n\n\n<p><strong><em>6. TRASEU<\/em><\/strong><\/p>\n\n\n\n<p>P\u00e2rtia va fi par\u021bial \u00eenchis\u0103 pe durata concursului pentru practican\u021bii sporturilor de iarn\u0103 din afara competi\u021biei.<\/p>\n\n\n\n<p><strong><em>7. ORDINEA DE START<\/em><\/strong><\/p>\n\n\n\n<p><strong>Ordinea de start la man\u0219a I<\/strong> se va stabili online, prin tragere la sor\u021bi la \u0219edin\u021ba tehnic\u0103, din ziua de vineri, 6 martie ora 10:00. Extragerea&nbsp;ordinii de start se va realiza prin platforma <a href=\"https:\/\/www.random.org\" target=\"_blank\" rel=\"noreferrer noopener\">https:\/\/www.random.org<\/a><strong>. Dac\u0103 se va \u021bine \u0219i man\u0219a a II-a<\/strong>, \u00een cadrul fiec\u0103rei categorii, primi cinci concuren\u021bi vor lua startul \u00een ordine invers\u0103, ceilal\u021bi vor intra \u00een concurs \u00een ordinea timpilor de la prima man\u0219\u0103.<\/p>\n\n\n\n<p><strong>Ordinea categoriilor de concurs:<\/strong><strong><\/strong><\/p>\n\n\n\n<p><strong><em><u>Schi:<\/u><\/em><\/strong> 1. Profesoare; 2. Profesori; 3. Absolvente; 4. Absolven\u021bi; 5.Studente; 6.Studen\u021bi<\/p>\n\n\n\n<p><strong><u><em>Snowboard:<\/em><\/u><\/strong> 7.&nbsp; Studente, absolvente \u0219i profesoare; 8. Studen\u021bi,&nbsp; absolven\u021bi \u0219i profesori.<\/p>\n\n\n\n<p>Neprezentarea la start \u00een ordinea stabilit\u0103 (\u00eent\u00e2rzierea la start) duce la pierderea intr\u0103rii \u00een concurs. Listele de start vor fi afi\u0219ate la secretariatul concursului.<\/p>\n\n\n\n<p><strong><em>8. \u00ceNSCRIERE<\/em><\/strong><strong><em><\/em><\/strong><\/p>\n\n\n\n<p class=\"has-text-align-left\">\u00censcrierea se va face <strong><u><a href=\"https:\/\/forms.gle\/Txe4Rh5HTXssLUXV6\" data-type=\"link\" data-id=\"https:\/\/forms.gle\/Txe4Rh5HTXssLUXV6\" target=\"_blank\" rel=\"noreferrer noopener\">online<\/a><\/u><\/strong> la adresa: <a href=\"https:\/\/forms.gle\/Txe4Rh5HTXssLUXV6\">https:\/\/forms.gle\/Txe4Rh5HTXssLUXV6<\/a><\/p>\n\n\n\n<p><strong>Dovada apartenen\u021bei la ULBS<\/strong>, trebuie prezentat\u0103 <strong>obligatoriu<\/strong> la secretariatul concursului <strong>(la start)<\/strong> \u00een data de 7 martie 2026. (Carnet sau legitima\u021bie de student, masterand, doctorand; Copie dup\u0103 diploma de absolvire a studiilor de licen\u021b\u0103, masterat sau doctorat; Legitima\u021bie de serviciu (pentru angaja\u021bii ULBS)).<\/p>\n\n\n\n<p><strong><u>Termen limit\u0103 de \u00eenscriere 5 martie 2026, ora 16.00.<\/u><\/strong><\/p>\n\n\n\n<p><strong>\u0218edin\u021ba tehnic\u0103<\/strong>&nbsp;de tragere la sor\u021bi se va desf\u0103\u0219ura <strong><u>online<\/u> prin platforma Google Meet <\/strong><a href=\"https:\/\/meet.google.com\/kwx-sdec-eae\" target=\"_blank\" rel=\"noreferrer noopener\">https:\/\/meet.google.com\/kwx-sdec-eae<\/a>, \u00een data de <strong>6 martie, ora 10:00<\/strong>. <\/p>\n\n\n\n<p>Extragerea&nbsp;ordinii de start se va realiza prin platforma <a href=\"https:\/\/www.random.org\" target=\"_blank\" rel=\"noreferrer noopener\">https:\/\/www.random.org<\/a>.<\/p>\n\n\n\n<p><strong><em>9. DESF\u0102\u0218URARE<\/em><\/strong><strong><em><\/em><\/strong><\/p>\n\n\n\n<p>Concursul &nbsp;const\u0103 &nbsp;\u00eentr-o<strong> man\u0219\u0103 pentru slalom uria\u0219 sau doua man\u0219e<\/strong>&nbsp;&nbsp;<strong>pentru slalom (\u00een func\u021bie de condi\u021biile de zapad\u0103)<\/strong>&nbsp;pe trasee diferite \u0219i <strong>o man\u0219\u0103 pentru snowboard<\/strong>. Concuren\u021bii au dreptul de a&nbsp;<strong>recunoa\u0219te traseul<\/strong>&nbsp;cu por\u021bile montate, conform programului, fie p\u0103\u0219ind \u00een susul p\u00e2rtiei pe marginea traseului sau <strong>cobor\u00e2nd u\u0219or \u00een derapaj prin por\u021bi,<\/strong>&nbsp;unul dup\u0103 cel\u0103lalt. Concuren\u021bii <strong>vor purta \u00een mod obligatoriu num\u0103rul de concurs atribuit prin tragerea la sor\u021bi. Se interzice \u00een cadrul cobor\u00e2rii de recunoa\u0219tere alunecarea&nbsp; prin por\u021bi \u00een stil de competi\u021bie<\/strong>, acest lucru put\u00e2nd duce la<strong> excluderea<\/strong> din concurs.<\/p>\n\n\n\n<p><strong>Nu<\/strong><strong>m\u0103rul de concurs<\/strong> se va ridica de la <strong>secretariatul<\/strong> concursului \u00een timpul special alocat pe baza buletinului de identitate, predarea acestuia se va face <strong>imediat dup\u0103 terminarea concursului<\/strong>.Lipsa buletinului sau a dovezii statutului de student, absolvent sau cadru didactic, precum \u0219i \u00eent\u00e2rzierea la secretariat pentru ridicarea numerelor va duce automat la excluderea din concurs.Concuren\u021bii vor fi prezen\u021bi \u00een zona de start cu cel pu\u021bin&nbsp;<strong>15 min \u00eenaintea intr\u0103rii \u00een concurs<\/strong>,&nbsp;conform listei de start afi\u0219at\u0103 la secretariat. \u00cen situa\u021bia \u00eent\u00e2rzierii sau a nerespect\u0103rii <strong>ordinii de start<\/strong>&nbsp;concuren\u021bii vor fi&nbsp;<strong>descalifica\u021bi.<\/strong><strong><\/strong><\/p>\n\n\n\n<p><strong>Timpul de prezentare la start dup\u0103 apelul <\/strong>concuren\u021bilor este de&nbsp;<strong>un minut<\/strong>. Dep\u0103\u0219irea acestui interval de timp duce la descalificare.<\/p>\n\n\n\n<p><strong><em>10. PROGRAMUL DE DESF\u0102\u0218URARE<\/em><\/strong><strong><em><\/em><\/strong><\/p>\n\n\n\n<p><strong>8:30 \u2013 9:15<\/strong> montarea traseului <strong>de schi<\/strong><\/p>\n\n\n\n<p><strong>8:30 <strong>\u2013<\/strong> 9:15 <\/strong>distribuirea numerelor de concurs pentru toate grupele.<\/p>\n\n\n\n<p><strong>9:15<\/strong> \u2013 afi\u0219area grilei de start pentru man\u0219a \u00eent\u00e2i pentru toate grupele de concurs.<\/p>\n\n\n\n<p><strong>9:15 \u2013 9:45<\/strong> recunoa\u0219terea traseului pentru prima man\u0219\u0103.<\/p>\n\n\n\n<p><strong>9:50<\/strong> \u2013 startul primului deschiz\u0103tor.<\/p>\n\n\n\n<p><strong>10:00 <\/strong>\u2013 STARTUL primului concurent.<\/p>\n\n\n\n<p><em>Dup\u0103 \u00eencheierea primei man\u0219e, dac\u0103 juriul probei hot\u0103r\u0103\u0219te organizarea man\u0219ei secunde la schi, se va trece la marcarea acesteia<\/em>. <strong>Dup\u0103 o jum\u0103tate de or\u0103 de la montarea traseului se va da startul \u00een<\/strong> <strong>man\u0219a secund\u0103. <\/strong>\u00cen acest interval de timp schiorii vor avea posibilitatea <strong>recunoa\u0219terii <\/strong>traseului.<\/p>\n\n\n\n<p>Dup\u0103 \u00eencheierea concursului de schi la o <strong>jum\u0103tate de or\u0103 de la montarea traseului<\/strong> se va da <strong>startul \u00een concursul de snowboard<\/strong> <strong>dup\u0103 ce \u00een prealabil se va face recunoa\u0219terea<\/strong> traseului.<\/p>\n\n\n\n<p>La aproximativ jum\u0103tate de or\u0103 de la \u00eencheierea concursului se vor <strong>afi\u0219a rezultatele<\/strong>.<\/p>\n\n\n\n<p><strong>Festivitatea de premiere<\/strong> se va desf\u0103\u0219ura dup\u0103 trei sferturi de or\u0103 de la afi\u0219area rezultatelor.<strong><\/strong><\/p>\n\n\n\n<p><strong><em>11. ECHIPAMENTUL<\/em><\/strong><strong><em><\/em><\/strong><\/p>\n\n\n\n<p>Concurentul se va echipa \u00een mod corespunz\u0103tor pentru a-\u0219i asigura siguran\u021ba, <strong>casca<\/strong> fiind <strong>obligatorie.<\/strong><strong><\/strong><\/p>\n\n\n\n<p><strong><em>12. CONTESTA\u0162II<\/em><\/strong><\/p>\n\n\n\n<p>Contesta\u021biile se depun \u00een termen de 15 minute dup\u0103 afi\u0219area rezultatelor provizorii.<\/p>\n\n\n\n<p><strong><em>13. PREMIEREA<\/em><\/strong><strong><em><\/em><\/strong><\/p>\n\n\n\n<p>Pentru stabilirea clasamentului se va lua \u00een calcul suma celor doi timpi din cele dou\u0103 man\u0219e. &nbsp;Se acord\u0103 DIPLOME, CUPE \u0219i PREMII pentru locurile 1, 2 \u0219i 3 din fiecare grup\u0103, separat feminin \/ masculin \u0219i DIPLOME pentru restul participan\u021bilor.<\/p>\n\n\n\n<p><strong><em>14. TRANSPORTUL&nbsp;<\/em><\/strong>&#8211; Costul transportului pe cablu va fi suportat de c\u0103tre participan\u021bi.<\/p>\n\n\n\n<p><em><strong>15. DECLARA\u021aIA PE PROPRIE R\u0102SPUNDERE<\/strong><\/em>. <\/p>\n\n\n\n<p>To\u021bi concuren\u021bii vor semna un tabel la ridicarea numerelor de concurs prin care, pe proprie r\u0103spundere \u00ee\u0219i asum\u0103 faptul ca au starea de s\u0103n\u0103tate (ap\u021bi pentru acest tip de efort), echipamentul adecvat \u0219i cuno\u0219tin\u021bele fizice \u0219i tehnice necesare particip\u0103rii la acest gen de competi\u021bii sportive \u0219i c\u0103 nu se vor \u00eendrepta \u00eempotriva organizatorului sau a celorlal\u021bi factori implica\u021bi, \u00een cazul producerii vreunui eveniment nedorit sau accident petrecut \u00een timpul desf\u0103\u0219ur\u0103rii competi\u021biei.<\/p>\n\n\n\n<p><\/p>\n\n\n\n<p><strong>Director concurs,<\/strong><br><strong>Lect. univ. dr. Savu Olimpiu<\/strong><\/p>\n\n\n\n<p>* Pentru o bun\u0103 desf\u0103\u0219urare a concursului v\u0103 rug\u0103m s\u0103 citi\u021bi cu aten\u021bie programul \u0219i &nbsp;regulamentul de desf\u0103\u0219urare al concursului. Chiar dac\u0103 aceasta competi\u021bie se desf\u0103\u0219oar\u0103 sub auspiciile agrementului \u0219i prieteniei respectarea regulamentului \u00eenseamn\u0103 fairplay.<\/p>\n\n\n\n<p>** Organizatorii \u00ee\u0219i rezerv\u0103 dreptul de modificare a programului \u00een func\u021bie de num\u0103rul participan\u021bilor, condi\u021biile meteo, starea p\u00e2rtiei, condi\u021biile de siguran\u021b\u0103&nbsp; ale sportivilor sau alte probleme de natur\u0103 organizatoric\u0103, modific\u0103rile fiind aduse la cuno\u0219tin\u021ba concuren\u021bilor prin secretariatul concursului sau celelalte mijloace de informare.<\/p>\n\n\n\n<p><\/p>\n\n\n\n<p>V\u0102 MUL\u021aUMIM PENTRU \u00ceN\u021aELEGERE!<\/p>\n\n\n\n<div class=\"wp-block-file\"><a href=\"https:\/\/events.ulbsibiu.ro\/cupadeschi\/wp-content\/uploads\/2026\/02\/Regulament_cupa_ULBS_2026.pdf\" class=\"wp-block-file__button wp-element-button\" download>DOWNLOAD<\/a><\/div>\n","protected":false},"excerpt":{"rendered":"<p>CUPA UNIVERSIT\u0102\u0162II \u201cLUCIAN BLAGA\u201d DIN SIBIU LA SCHI \u0218I SNOWBOARD EDI\u021aIA a XII-a, 7 martie 2026 1. ORGANIZATOR UNIVERSITATEA &#8220;LUCIAN BLAGA&#8221; din SIBIU, prin speciali\u0219tii Facult\u0103\u021bii de \u0218tiin\u021be \u00een colaborare cu asocia\u021bia ALUMNI ULBS a Facult\u0103\u021bii de \u0218tiin\u021be Economice. 2. SCOPUL Scopul concursului este de a promova practicarea sporturilor de iarn\u0103 \u00een r\u00e2ndul studen\u021bilor, absolven\u021bilor [&hellip;]<\/p>\n","protected":false},"author":1,"featured_media":0,"parent":0,"menu_order":0,"comment_status":"closed","ping_status":"closed","template":"","meta":{"pgc_sgb_lightbox_settings":"","footnotes":""},"aioseo_notices":[],"_links":{"self":[{"href":"https:\/\/events.ulbsibiu.ro\/cupadeschi\/wp-json\/wp\/v2\/pages\/8"}],"collection":[{"href":"https:\/\/events.ulbsibiu.ro\/cupadeschi\/wp-json\/wp\/v2\/pages"}],"about":[{"href":"https:\/\/events.ulbsibiu.ro\/cupadeschi\/wp-json\/wp\/v2\/types\/page"}],"author":[{"embeddable":true,"href":"https:\/\/events.ulbsibiu.ro\/cupadeschi\/wp-json\/wp\/v2\/users\/1"}],"replies":[{"embeddable":true,"href":"https:\/\/events.ulbsibiu.ro\/cupadeschi\/wp-json\/wp\/v2\/comments?post=8"}],"version-history":[{"count":18,"href":"https:\/\/events.ulbsibiu.ro\/cupadeschi\/wp-json\/wp\/v2\/pages\/8\/revisions"}],"predecessor-version":[{"id":395,"href":"https:\/\/events.ulbsibiu.ro\/cupadeschi\/wp-json\/wp\/v2\/pages\/8\/revisions\/395"}],"wp:attachment":[{"href":"https:\/\/events.ulbsibiu.ro\/cupadeschi\/wp-json\/wp\/v2\/media?parent=8"}],"curies":[{"name":"wp","href":"https:\/\/api.w.org\/{rel}","templated":true}]}}