{"id":1264,"date":"2026-02-16T10:41:51","date_gmt":"2026-02-16T10:41:51","guid":{"rendered":"https:\/\/events.ulbsibiu.ro\/dancegymnasticscup\/?page_id=1264"},"modified":"2026-03-04T13:52:21","modified_gmt":"2026-03-04T13:52:21","slug":"editorial-board","status":"publish","type":"page","link":"https:\/\/events.ulbsibiu.ro\/dancegymnasticscup\/international-conference-of-movement-science-1st-edition\/editorial-board\/","title":{"rendered":""},"content":{"rendered":"<h2 class=\"wp-block-heading has-text-align-center\">EDITORIAL BOARD<\/h2>\n<div class=\"wp-block-columns\">\n<div class=\"wp-block-column\">\n<h3 class=\"wp-block-heading\">Editor-in-Chief<\/h3>\n<p><strong>Rodrigo Yanez-Sepulveda<\/strong> \u2013 Professor at Andres Bello University-Chile<\/p>\n<\/div>\n<div class=\"wp-block-column\">\n<h3 class=\"wp-block-heading\">Executive Editor<\/h3>\n<ul>\n<li><strong>Sonia Gabriela Neagu<\/strong> &#8211; Professor at University Lucian Blaga Sibiu, Romania<\/li>\n<li><strong>Sopa Sabin<\/strong> &#8211; Professor at University Lucian Blaga Sibiu, Romania<\/li>\n<li><strong>Carlos Hervas Gomez<\/strong> &#8211; Professor at Univeristy of Seville, Spain<\/li>\n<\/ul>\n<\/div>\n<\/div>\n<div class=\"wp-block-columns\">\n<div class=\"wp-block-column\">\n<h3 class=\"wp-block-heading\">Head of Advisory Editors<\/h3>\n<p><strong>Vicente Javier Clemente-Suarez<\/strong> \u2013 University of Europe Madrid<\/p>\n<\/div>\n<div class=\"wp-block-column\">\n<h3 class=\"wp-block-heading\">Coordinating Advisory Editors<\/h3>\n<ul>\n<li><strong>Sonia Gabriela Neagu<\/strong> &#8211; Professor at University Lucian Blaga Sibiu, Romania<\/li>\n<li><strong>Sopa Sabin<\/strong> &#8211; Professor at University Lucian Blaga Sibiu, Romania<\/li>\n<\/ul>\n<\/div>\n<\/div>\n<hr class=\"wp-block-separator has-alpha-channel-opacity is-style-wide\" \/>\n<h3 class=\"wp-block-heading\">International Advisory Board<\/h3>\n<div class=\"wp-block-columns\">\n<div class=\"wp-block-column\">\n<ul>\n<li>Josivaldo de Souza Lima &#8211; Univeristy of Granada, Spain<\/li>\n<li>Eduardo Guzman Munoz &#8211; Univeristy of Santo Tomas, Chile<\/li>\n<li>Esraa Daoud &#8211; Univeristy of Helwan, Egipt<\/li>\n<li>Bartlomiej Patryk Hes &#8211; Univeristy of Zielonogorski, Poland<\/li>\n<li>Carlos A. Herrera Amante &#8211; Univeristy of Guadalajara, Mexic<\/li>\n<li>Cezar Octavio Ramos Garcia &#8211; Univeristy of Guadalajara, Mexic<\/li>\n<li>Brenda Carolina Arguelles Estrada &#8211; University Autonoma of Zacatecas, Mexico<\/li>\n<li>Daniel Lopez-Plaza Palomo &#8211; Univeristy of Zaragoza, Spain<\/li>\n<li>Fernando Alacid &#8211; Univeristy of Almeria, Spain<\/li>\n<li>Lorena Correas Gomez &#8211; Univeristy of Malaga, Spain<\/li>\n<li>Luis Aaron Quiroga Morales &#8211; Univeristy of Gudalajara, Mexic<\/li>\n<li>Agustin Paramio Rodriguez &#8211; Institute of Medicine, Cuba<\/li>\n<li>Alejandro Gomez Bruton &#8211; Univeristy of Zaragoza, Spain<\/li>\n<li>Alejandro Martinez Rodriguez &#8211; Univeristy of Alicante, Spain<\/li>\n<li>Alejandro Orozco Torres &#8211; Univeristy Contemporanea de la americas, Mexico<\/li>\n<li>Alex Gonzales Aguero &#8211; Univeristy of Zaragoza, Spain<\/li>\n<li>Alicia Sofia Canda Moreno &#8211; Agencia para proteccion de la Salud en el Deporte, Spain<\/li>\n<li>Alvaro Garcia Vega &#8211; Univeristy of Alicante, Spain<\/li>\n<li>Alvaro Optiz &#8211; Univeristy San Sebastian, Chile<\/li>\n<li>Angel Matute Llorente &#8211; University of Zaragoza, Spain<\/li>\n<\/ul>\n<\/div>\n<div class=\"wp-block-column\">\n<ul>\n<li>Antonio Jesus Sanchez Oliver &#8211; Univeristy of Sevilla, Spain<\/li>\n<li>Beatriz Alicia Gamez Rosalez &#8211; Univeristy Autonoma de Aguascalientes, Mexic<\/li>\n<li>Beatriz Branquinho Gomes &#8211; Univeristy of Coimbra, Portugal<\/li>\n<li>Bernardo Jose Cuestas Calero &#8211; Univeristy of Valencia, Spain<\/li>\n<li>Briseidy Ortiz Rodriguez &#8211; Univeristy Autonoma de Chihuahua, Mexic<\/li>\n<li>Carlos Eduardo Garcia Zepeda &#8211; Centro de Nutricion y Acondicionamiento Fisico, Mexic<\/li>\n<li>Claudia Arancibia Cid &#8211; Univeristy de Santiago de Chile, Chile<\/li>\n<li>David Marcelo Penaranda Moraga &#8211; Univeristy of Alicante, Spain<\/li>\n<li>Dianoa Paola Cordoba Rodriguez &#8211; Pontificia Univerisdad Javeriana, Columbia<\/li>\n<li>Diego Girona Macia &#8211; Uniersity of Alicante, Spania<\/li>\n<li>Domingo Jesus Ramos Campo &#8211; University Politehnica of Madrid, Spain<\/li>\n<li>Elizabeth Carpio Rivera &#8211; Univeristy of Costa Rica, Costa Rica<\/li>\n<li>Ernesto Julian Santiago Delgado &#8211; Iteso, Mexic<\/li>\n<li>Francisco Tomas Gonzalez Fernandez &#8211; Univeristy of Granada Spain<\/li>\n<li>Ines Albertus Camara &#8211; University of Murcia, Spain<\/li>\n<li>Luciano Spena &#8211; Unversity of Moron, Argentina<\/li>\n<li>Maria Jose Paredes Ruiz &#8211; Univeristy of Murcia, Spania<\/li>\n<li>Omar Arturo Hernandez Lopez &#8211; Univeristy of Valencia, Mexic<\/li>\n<li>Rui Antonio Fernandes &#8211; Univeristy of Coimbra, Portugal<\/li>\n<li>Silvia Adriana Vega &#8211; Univeristy National of San Luis, Argentina<\/li>\n<\/ul>\n<\/div>\n<\/div>\n<hr class=\"wp-block-separator has-alpha-channel-opacity is-style-wide\" \/>\n<h3 class=\"wp-block-heading\">Detailed Board Profiles<\/h3>\n<div class=\"wp-block-columns\">\n<div class=\"wp-block-column\" style=\"flex-basis: 30%;\">\n<p><strong>Nicola Mancini<\/strong><br \/>\nTenure-Track Researcher (RTT), PhD<br \/>\nDepartment of Education and Sport Sciences, Universit\u00e0 Telematica Pegaso, Naples, Italy<\/p>\n<\/div>\n<div class=\"wp-block-column\" style=\"flex-basis: 70%;\">\n<p><strong>Short Profile:<\/strong> Nicola Mancini is a Tenure-Track Researcher in Exercise and Sport Sciences at Universit\u00e0 Telematica Pegaso. He holds an international PhD in \u201cNeuroscience and Education\u201d and \u201cPhysical Education and Sport\u201d (European PhD Label). His research focuses on motor coordination development, the integration of executive functions and motor performance, and the application of digital technologies for performance analysis and monitoring in youth populations. He is the author of peer-reviewed publications indexed in international sport science databases.<\/p>\n<p><strong>Email:<\/strong> <a href=\"mailto:nicola.mancini@unipegaso.it\">nicola.mancini@unipegaso.it<\/a> | <strong>Website:<\/strong> <a href=\"https:\/\/www.unipegaso.it\/docenti\/nicola-mancini-1\" target=\"_blank\" rel=\"noreferrer noopener\">Unipegaso Profile<\/a> | <strong>ORCID:<\/strong> <a href=\"https:\/\/orcid.org\/0009-0005-4566-6417\" target=\"_blank\" rel=\"noreferrer noopener\">0009-0005-4566-6417<\/a> | <strong>Scopus:<\/strong> <a href=\"https:\/\/www.scopus.com\/authid\/detail.uri?authorId=59124701800\" target=\"_blank\" rel=\"noreferrer noopener\">Profile<\/a><\/p>\n<\/div>\n<\/div>\n<hr class=\"wp-block-separator has-alpha-channel-opacity\" \/>\n<div class=\"wp-block-columns\">\n<div class=\"wp-block-column\" style=\"flex-basis: 30%;\">\n<p><strong>Grosu Emilia Florina<\/strong><br \/>\nProf. univ. PhD<br \/>\nFacultatea de Educa\u021bie fizic\u0103 \u0219i Sport, Universitatea &#8220;Babes &#8211; Bolyai&#8221;, Cluj &#8211; Napoca, Rom\u00e2nia.<\/p>\n<\/div>\n<div class=\"wp-block-column\" style=\"flex-basis: 70%;\">\n<p><strong>Short Profile:<\/strong> Graduated from Institut of Physical Education and Sport (IEFS), Bucuresti, Romania, in 1984 with a Bachelor&#8217;s Degree. Master&#8217;s Degree in 2018 in Landscaping, University of Agricultural Sciences and Veterinary Medicine of Cluj-Napoca. Completed in 1999 the title of Doctor in: Physical Education and Sport, with specialisations in Psychology of Sport. Institution history: 1992\u20132026 Babes &#8211; Bolyai University of Cluj-Napoca. Subject areas: Sport Sciences, Environmental Science, Social Sciences, Health, Arts and Humanities. She is a member of FIEPS Europe, author of 34 articles indexed in ISI Web of Science database.<\/p>\n<p><strong>Email:<\/strong> <a href=\"mailto:emiliaflorina.grosu@gmail.com\">emiliaflorina.grosu@gmail.com<\/a> \/ <a href=\"mailto:emilia.grosu@ubbcluj.ro\">emilia.grosu@ubbcluj.ro<\/a><br \/>\n<strong>Scholar:<\/strong> <a href=\"https:\/\/scholar.google.com\/citations?user=856xc8MAAAAJ&amp;hl=ro\" target=\"_blank\" rel=\"noreferrer noopener\">Google Scholar<\/a> | <strong>ORCID:<\/strong> 0000-0002-2846-9586 | <strong>Web of Science:<\/strong> IDK-4183-2015<\/p>\n<\/div>\n<\/div>\n<hr class=\"wp-block-separator has-alpha-channel-opacity\" \/>\n<div class=\"wp-block-columns\">\n<div class=\"wp-block-column\" style=\"flex-basis: 30%;\">\n<p><strong>Grosu Vlad Teodor<\/strong><br \/>\nConf. univ. PhD<br \/>\nUniv. Tehnic\u0103, Facultatea de autovehicule rutiere, mecatronic\u0103 \u0219i mecanic\u0103, Cluj-Napoca, Rom\u00e2nia<\/p>\n<\/div>\n<div class=\"wp-block-column\" style=\"flex-basis: 70%;\">\n<p><strong>Short Profile:<\/strong> Graduated from Faculty of Physical Education and Sport (FEFS), Cluj-Napoca, Romania, in 2010 (Bachelor&#8217;s Degree), and graduated in 2011 (Physiotherapy Bachelor&#8217;s Degree). Master&#8217;s Degree in 2012, and completed in 2015 the title of Doctor in: Human Motricity Science. Institution history: 2015\u20132026 Technical University of Cluj-Napoca. Subject areas: Medicine, Environmental Science, Computer Science, Social Sciences, Health Professions, Arts and Humanities. Member of FIEPS Europe, author of 31 articles indexed in ISI Web of Science. Participant in the POCU 123793 project &#8220;Researcher, future entrepreneur &#8211; New Generation\u201d.<\/p>\n<p><strong>Email:<\/strong> <a href=\"mailto:vtgrosu@gmail.com\">vtgrosu@gmail.com<\/a> \/ <a href=\"mailto:vlad.grosu@mdm.utcluj.ro\">vlad.grosu@mdm.utcluj.ro<\/a><br \/>\n<strong>Scholar:<\/strong> <a href=\"https:\/\/scholar.google.com\/citations?user=YQVA-8EAAAAJ&amp;hl=en\" target=\"_blank\" rel=\"noreferrer noopener\">Google Scholar<\/a> | <strong>ORCID:<\/strong> <a href=\"https:\/\/orcid.org\/0000-0002-4846-4491\" target=\"_blank\" rel=\"noreferrer noopener\">0000-0002-4846-4491<\/a> | <strong>Scopus:<\/strong> ID 57214878761 | <strong>Web of Science:<\/strong> AAY-9741-2021<\/p>\n<\/div>\n<\/div>\n<hr class=\"wp-block-separator has-alpha-channel-opacity\" \/>\n<div class=\"wp-block-columns\">\n<div class=\"wp-block-column\" style=\"flex-basis: 30%;\">\n<p><strong>Domokos Cerasela<\/strong><br \/>\nLector univ. dr.<br \/>\nFacultatea de Educa\u021bie Fizic\u0103 \u0219i Sport, Universitatea de Vest din Timi\u0219oara<\/p>\n<\/div>\n<div class=\"wp-block-column\" style=\"flex-basis: 70%;\">\n<p><strong>Short Profile:<\/strong> \u00cemi desf\u0103\u0219or activitatea didactic\u0103 \u0219i de cercetare. Interesele mele \u0219tiin\u021bifice se concentreaz\u0103 asupra gimnasticii \u0219i sporturilor de expresie, domenii \u00een care prima direc\u021bie de aprofundare este cea istoric\u0103, completat\u0103 de analiza mecanismelor de formare, performan\u021b\u0103 \u0219i expresivitate motric\u0103. Totodat\u0103, manifest un interes constant pentru activit\u0103\u021bile outdoor, pe care le explorez din perspectiva dezvolt\u0103rii motrice, educa\u021bionale \u0219i experien\u021biale. Prin abordarea mea integrativ\u0103, \u00eembin rigoarea academic\u0103 cu o viziune modern\u0103 asupra educa\u021biei fizice \u0219i sportului. Activitatea mea reflect\u0103 un angajament ferm pentru excelen\u021b\u0103, inova\u021bie \u0219i formarea viitoarelor genera\u021bii de speciali\u0219ti.<\/p>\n<\/div>\n<\/div>\n<hr class=\"wp-block-separator has-alpha-channel-opacity\" \/>\n<div class=\"wp-block-columns\">\n<div class=\"wp-block-column\" style=\"flex-basis: 30%;\">\n<p><strong>Toma Geanina<\/strong><br \/>\nLect. univ. dr.<br \/>\nUniversitatea Na\u021bional\u0103 de \u0218tiin\u021b\u0103 \u0219i Tehnologie Politehnic\u0103 Bucure\u0219ti &#8211; Centrul Universitar Pite\u0219ti<\/p>\n<\/div>\n<div class=\"wp-block-column\" style=\"flex-basis: 70%;\">\n<p><strong>Departament:<\/strong> Facultatea de \u0218tiin\u021be, Educa\u021bie Fizic\u0103 \u0219i Informatic\u0103, Departamentul de Educa\u021bie fizic\u0103 \u0219i Sport<\/p>\n<p><strong>Email:<\/strong> <a href=\"mailto:geaninatoma2712@upb.ro\">geaninatoma2712@upb.ro<\/a> | <strong>ORCID:<\/strong> 0000-0001-6555-4811<\/p>\n<\/div>\n<\/div>\n<hr class=\"wp-block-separator has-alpha-channel-opacity\" \/>\n<div class=\"wp-block-columns\">\n<div class=\"wp-block-column\" style=\"flex-basis: 30%;\">\n<p><strong>H\u0103isan Angel-Alex<\/strong><br \/>\nConf. Univ. Dr.<br \/>\nUniv. &#8220;1 Decembrie 1918&#8221; Alba Iulia, Departamentul de Educa\u021bie fizic\u0103 \u0219i sport, Romania<\/p>\n<\/div>\n<div class=\"wp-block-column\" style=\"flex-basis: 70%;\">\n<p><strong>Short Profile:<\/strong> Since 2016, H\u0103isan Angel-Alex has served as a member of the Physical Education and Sport Department and as Director of the Research Center in Physical Education, Sport and Physical Therapy at the &#8220;1 Decembrie 1918&#8221; University of Alba Iulia, specializing in physical education and sport sciences. His extensive academic background includes Ph.D. studies in both Sociology and Sport Sciences, complemented by a professional history as a volleyball player. Internationally recognized, he has completed multiple Erasmus teaching grants across Europe and Asia and is a published author and editor who manages departmental conferences.<\/p>\n<p><strong>Email:<\/strong> <a href=\"mailto:angel.haisan@uab.ro\">angel.haisan@uab.ro<\/a> | <strong>ORCID:<\/strong> <a href=\"https:\/\/orcid.org\/0000-0002-0565-405X\" target=\"_blank\" rel=\"noreferrer noopener\">0000-0002-0565-405X<\/a><\/p>\n<\/div>\n<\/div>\n<hr class=\"wp-block-separator has-alpha-channel-opacity\" \/>\n<div class=\"wp-block-columns\">\n<div class=\"wp-block-column\" style=\"flex-basis: 30%;\">\n<p><strong>H\u0103isan Petronela L\u0103cr\u0103mioara<\/strong><br \/>\nLector Univ. Dr.<br \/>\nUniv. &#8220;1 Decembrie 1918&#8221; Alba-Iulia, Departamentul de Educa\u021bie fizic\u0103 \u0219i sport, Romania<\/p>\n<\/div>\n<div class=\"wp-block-column\" style=\"flex-basis: 70%;\">\n<p><strong>Short Profile:<\/strong> Lecturer PhD at the Department of Physical Education and Sport, she coordinates seminars and practical courses in Anatomy, Kinesiotherapy for Neurological Disorders, Secondary and Tertiary Kinesiotherapy, and Semiology for students in Kinesiotherapy and Special Motricity. Alongside her academic role, she&#8217;s a kinesiotherapist, collaborating with the Trust Foundation within the Puterea Speran\u021bei Project, focusing on improving autonomy, well-being, and quality of life in individuals with Parkinson\u2019s disease through innovative rehabilitation technologies. Since 2019, she has contributed to organizing the department\u2019s annual conference and serves as editor of its Proceedings.<\/p>\n<p><strong>Email:<\/strong> <a href=\"mailto:petronela.haisan@uab.ro\">petronela.haisan@uab.ro<\/a> | <strong>ORCID:<\/strong> <a href=\"https:\/\/orcid.org\/0000-0001-6958-0267\" target=\"_blank\" rel=\"noreferrer noopener\">0000-0001-6958-0267<\/a><\/p>\n<\/div>\n<\/div>\n<hr class=\"wp-block-separator has-alpha-channel-opacity is-style-wide\" \/>\n<h3 class=\"wp-block-heading\">National Advisory Board<\/h3>\n<div class=\"wp-block-columns\">\n<div class=\"wp-block-column\">\n<ul>\n<li>Conf univ.dr. Monea Dan &#8211; Univ. Babes-Bolyai, Cluj-Napoca<\/li>\n<li>Conf. univ. dr. Ordean Mircea Nicolae &#8211; Univ. &#8220;1 Decembrie 1918&#8221;, Alba-Iulia<\/li>\n<li>Lect.univ.dr. Coltan Iudith &#8211; Univ. Bogdan Voda \/ Dragos Voda, Cluj-Napoca<\/li>\n<li>Conf. univ.dr. Rusu Alina Cristina &#8211; Univ. Tehnic\u0103, Cluj-Napoca<\/li>\n<li>Asist.univ.dr. Rozsnyai Radu Adrian &#8211; Academia de Muzic\u0103 &#8220;Gheorghe Dima&#8221;, Cluj-Napoca<\/li>\n<li>Conf. univ.dr. Cristea Dana &#8211; Univ. Oradea<\/li>\n<li>Professor Mihailescu Liliana, PhD \u2013 National University of Science and Technology POLITEHNICA, Pite\u0219ti<\/li>\n<li>Professor Rosu Daniel, PhD &#8211; National University of Science and Technology POLITEHNICA, Pite\u0219ti<\/li>\n<li>Associate professor Fleancu Leonard, PhD &#8211; National University of Science and Technology POLITEHNICA, Pite\u0219ti<\/li>\n<li>Prof. Univ. dr. Vasile Luciela &#8211; UNEFS, Bucuresti (<a href=\"https:\/\/orcid.org\/0009-0001-8966-6807\" target=\"_blank\" rel=\"noreferrer noopener\">ORCID<\/a>)<\/li>\n<li>Conf. Univ. Dr. Iordan Andrei \u2013 \u201cDunarea de Jos\u201d University of Gala\u021bi<\/li>\n<\/ul>\n<\/div>\n<div class=\"wp-block-column\">\n<ul>\n<li>Ana Gavojdea &#8211; UNEFS, Bucuresti<\/li>\n<li>Mihaela Zahiu &#8211; UNEFS, Bucuresti<\/li>\n<li>Aducovschi Daniela &#8211; UNEFS<\/li>\n<li>Lect. Univ. Dr. Daniela Popa &#8211; Universitatea Transilvania Brasov<\/li>\n<li>Lect. Univ. Dr. Alin Rosa &#8211; Univesristatea &#8220;1 Decembrie&#8221;, Alba Iulia<\/li>\n<li>Raluca Pelin &#8211; Politehnica Bucuresti<\/li>\n<li>Gabriela Tomescu &#8211; Ovidius Univeristy Constanta<\/li>\n<li>Costin Nanu &#8211; Univeristatea din Craiova<\/li>\n<li>Anca Sabau &#8211; Universitatea din Oradea<\/li>\n<li>Tatiana Dobrescu &#8211; Vasile Alecsandri University of Bacau<\/li>\n<li>Lect. Univ. Dr. Steff Norbert &#8211; Univeristatea de Medicina, Farmacie, Stiinte si Tehnologie Targu Mures<\/li>\n<\/ul>\n<\/div>\n<\/div>\n<hr class=\"wp-block-separator has-alpha-channel-opacity is-style-wide\" \/>\n<div class=\"wp-block-columns\">\n<div class=\"wp-block-column\">\n<h3 class=\"wp-block-heading\">Editorial Office and Technical Editors<\/h3>\n<ul>\n<li>Radu Antonia<\/li>\n<li>Nicoleta Zaharie<\/li>\n<\/ul>\n<\/div>\n<div class=\"wp-block-column\">\n<h3 class=\"wp-block-heading\">Language Editor<\/h3>\n<ul>\n<li>Stanciu Cristian<\/li>\n<\/ul>\n<\/div>\n<\/div>\n","protected":false},"excerpt":{"rendered":"<p>EDITORIAL BOARD Editor-in-Chief Rodrigo Yanez-Sepulveda \u2013 Professor at Andres Bello University-Chile Executive Editor Sonia Gabriela Neagu &#8211; Professor at University Lucian Blaga Sibiu, Romania Sopa Sabin &#8211; Professor at University Lucian Blaga Sibiu, Romania Carlos Hervas Gomez &#8211; Professor at Univeristy of Seville, Spain Head of Advisory Editors Vicente Javier Clemente-Suarez \u2013 University of Europe [&hellip;]<\/p>\n","protected":false},"author":1,"featured_media":0,"parent":1254,"menu_order":3,"comment_status":"closed","ping_status":"closed","template":"","meta":{"footnotes":""},"class_list":["post-1264","page","type-page","status-publish","hentry"],"_links":{"self":[{"href":"https:\/\/events.ulbsibiu.ro\/dancegymnasticscup\/wp-json\/wp\/v2\/pages\/1264","targetHints":{"allow":["GET"]}}],"collection":[{"href":"https:\/\/events.ulbsibiu.ro\/dancegymnasticscup\/wp-json\/wp\/v2\/pages"}],"about":[{"href":"https:\/\/events.ulbsibiu.ro\/dancegymnasticscup\/wp-json\/wp\/v2\/types\/page"}],"author":[{"embeddable":true,"href":"https:\/\/events.ulbsibiu.ro\/dancegymnasticscup\/wp-json\/wp\/v2\/users\/1"}],"replies":[{"embeddable":true,"href":"https:\/\/events.ulbsibiu.ro\/dancegymnasticscup\/wp-json\/wp\/v2\/comments?post=1264"}],"version-history":[{"count":11,"href":"https:\/\/events.ulbsibiu.ro\/dancegymnasticscup\/wp-json\/wp\/v2\/pages\/1264\/revisions"}],"predecessor-version":[{"id":1320,"href":"https:\/\/events.ulbsibiu.ro\/dancegymnasticscup\/wp-json\/wp\/v2\/pages\/1264\/revisions\/1320"}],"up":[{"embeddable":true,"href":"https:\/\/events.ulbsibiu.ro\/dancegymnasticscup\/wp-json\/wp\/v2\/pages\/1254"}],"wp:attachment":[{"href":"https:\/\/events.ulbsibiu.ro\/dancegymnasticscup\/wp-json\/wp\/v2\/media?parent=1264"}],"curies":[{"name":"wp","href":"https:\/\/api.w.org\/{rel}","templated":true}]}}