{"id":176,"date":"2025-04-08T13:17:30","date_gmt":"2025-04-08T13:17:30","guid":{"rendered":"https:\/\/events.ulbsibiu.ro\/dancegymnasticscup\/?page_id=176"},"modified":"2025-04-08T13:17:30","modified_gmt":"2025-04-08T13:17:30","slug":"be-a-volunteer","status":"publish","type":"page","link":"https:\/\/events.ulbsibiu.ro\/dancegymnasticscup\/be-a-volunteer\/","title":{"rendered":"Be a volunteer"},"content":{"rendered":"\n<p>Cupa ULBS \u2013 Dance &amp; Gymnastics<br>30 mai 2025 | Sala Thalia, Sibiu<br>Edi\u021bia I \u2013 Festival Interna\u021bional Universitar de Dans \u0219i Gimnastic\u0103<\/p>\n\n\n\n<p>E\u0219ti pasionat de dans, gimnastic\u0103 sau pur \u0219i simplu vrei s\u0103 faci parte dintr-un eveniment interna\u021bional de anvergur\u0103?<br>Al\u0103tur\u0103-te echipei noastre \u0219i contribuie la organizarea unei competi\u021bii care aduce la Sibiu participan\u021bi din Rom\u00e2nia, Italia \u0219i Egipt, \u00eentr-un regal al mi\u0219c\u0103rii \u0219i expresivit\u0103\u021bii corporale!<\/p>\n\n\n\n<h2 class=\"wp-block-heading\">C\u0103ut\u0103m voluntari entuzia\u0219ti pentru:<\/h2>\n\n\n\n<ul class=\"wp-block-list\">\n<li>Asisten\u021b\u0103 logistic\u0103 \u0219i coordonare participan\u021bi<\/li>\n\n\n\n<li>Primirea invita\u021bilor \u0219i delega\u021biilor interna\u021bionale si nationale<\/li>\n\n\n\n<li>Suport \u00een culise (dansatori, gimna\u0219ti, antrenori)<\/li>\n\n\n\n<li>Comunicare \u0219i promovare (social media, fotografie, video)<\/li>\n\n\n\n<li>Traducere \u0219i interac\u021biune intercultural\u0103<\/li>\n\n\n\n<li>Suport tehnic (lumini, sunet, scen\u0103)<\/li>\n<\/ul>\n\n\n\n<h2 class=\"wp-block-heading\">Ce \u00ee\u021bi oferim?<\/h2>\n\n\n\n<ul class=\"wp-block-list\">\n<li>Diplom\u0103 de voluntariat recunoscut\u0103 de Universitatea \u201eLucian Blaga\u201d din Sibiu<\/li>\n\n\n\n<li>Experien\u021b\u0103 practic\u0103 \u00een organizarea de evenimente interna\u021bionale<\/li>\n\n\n\n<li>Networking cu profesioni\u0219ti din domeniul educa\u021biei fizice, sportului \u0219i artelor performative<\/li>\n\n\n\n<li>Acces la toate momentele din cadrul evenimentului<\/li>\n\n\n\n<li>O atmosfer\u0103 energic\u0103, multicultural\u0103 \u0219i inspira\u021bional\u0103!<\/li>\n<\/ul>\n\n\n\n<p>Completeaz\u0103 formularul de \u00eenscriere p\u00e2n\u0103 la data de 1 mai 2025<br>Link formular:<\/p>\n\n\n\n<p><a href=\"https:\/\/docs.google.com\/forms\/d\/e\/1FAIpQLSeGlQJpptzEgNptOhdK-bR_nmVmUB6VKQa0hXrCJaxy5ccWmw\/viewform?usp=dialog\">https:\/\/docs.google.com\/forms\/d\/e\/1FAIpQLSeGlQJpptzEgNptOhdK-bR_nmVmUB6VKQa0hXrCJaxy5ccWmw\/viewform?usp=dialog<\/a><\/p>\n\n\n\n<p>Contact pentru \u00eentreb\u0103ri \u0219i detalii suplimentare:<br>Asist. Univ. Dr. Neagu Sonia Gabriela<br>Email: soniagabriela.neagu@ulbsibiu.ro<br>Telefon: 0740395422<br><br><\/p>\n\n\n\n<p>Fii parte din povestea noastr\u0103!<br>Mi\u0219c\u0103 lumea al\u0103turi de noi \u2013 prin dans, gimnastic\u0103 \u0219i voluntariat!<\/p>\n\n\n\n<div class=\"wp-block-file\"><a id=\"wp-block-file--media-3a01f783-7cb7-4822-9462-9cecb811d389\" href=\"https:\/\/events.ulbsibiu.ro\/dancegymnasticscup\/wp-content\/uploads\/FII-VOLUNTAR-CUPA-ULBS.pdf\">FII VOLUNTAR CUPA ULBS<\/a><a href=\"https:\/\/events.ulbsibiu.ro\/dancegymnasticscup\/wp-content\/uploads\/FII-VOLUNTAR-CUPA-ULBS.pdf\" class=\"wp-block-file__button wp-element-button\" download aria-describedby=\"wp-block-file--media-3a01f783-7cb7-4822-9462-9cecb811d389\">Download<\/a><\/div>\n","protected":false},"excerpt":{"rendered":"<p>Cupa ULBS \u2013 Dance &amp; Gymnastics30 mai 2025 | Sala Thalia, SibiuEdi\u021bia I \u2013 Festival Interna\u021bional Universitar de Dans \u0219i Gimnastic\u0103 E\u0219ti pasionat de dans, gimnastic\u0103 sau pur \u0219i simplu vrei s\u0103 faci parte dintr-un eveniment interna\u021bional de anvergur\u0103?Al\u0103tur\u0103-te echipei noastre \u0219i contribuie la organizarea unei competi\u021bii care aduce la Sibiu participan\u021bi din Rom\u00e2nia, Italia [&hellip;]<\/p>\n","protected":false},"author":1,"featured_media":0,"parent":0,"menu_order":0,"comment_status":"closed","ping_status":"closed","template":"","meta":{"footnotes":""},"class_list":["post-176","page","type-page","status-publish","hentry"],"_links":{"self":[{"href":"https:\/\/events.ulbsibiu.ro\/dancegymnasticscup\/wp-json\/wp\/v2\/pages\/176","targetHints":{"allow":["GET"]}}],"collection":[{"href":"https:\/\/events.ulbsibiu.ro\/dancegymnasticscup\/wp-json\/wp\/v2\/pages"}],"about":[{"href":"https:\/\/events.ulbsibiu.ro\/dancegymnasticscup\/wp-json\/wp\/v2\/types\/page"}],"author":[{"embeddable":true,"href":"https:\/\/events.ulbsibiu.ro\/dancegymnasticscup\/wp-json\/wp\/v2\/users\/1"}],"replies":[{"embeddable":true,"href":"https:\/\/events.ulbsibiu.ro\/dancegymnasticscup\/wp-json\/wp\/v2\/comments?post=176"}],"version-history":[{"count":1,"href":"https:\/\/events.ulbsibiu.ro\/dancegymnasticscup\/wp-json\/wp\/v2\/pages\/176\/revisions"}],"predecessor-version":[{"id":178,"href":"https:\/\/events.ulbsibiu.ro\/dancegymnasticscup\/wp-json\/wp\/v2\/pages\/176\/revisions\/178"}],"wp:attachment":[{"href":"https:\/\/events.ulbsibiu.ro\/dancegymnasticscup\/wp-json\/wp\/v2\/media?parent=176"}],"curies":[{"name":"wp","href":"https:\/\/api.w.org\/{rel}","templated":true}]}}